{"id":16417,"date":"2015-09-10T22:04:01","date_gmt":"2015-09-10T19:04:01","guid":{"rendered":"https:\/\/xon.com.tr\/tur\/?post_type=product&#038;p=16417"},"modified":"2020-11-11T13:06:43","modified_gmt":"2020-11-11T10:06:43","slug":"xon-mp-kupa-baski-presi","status":"publish","type":"product","link":"https:\/\/xon.com.tr\/tur\/magaza\/transfer-pres\/xon-mp-kupa-baski-presi\/","title":{"rendered":"XON MP KUPA BASKI PRES\u0130"},"content":{"rendered":"","protected":false},"excerpt":{"rendered":"<p><strong>Seramik, metal ve cam kupalara s\u0131cak transfer bask\u0131 uygulamas\u0131nda kullan\u0131l\u0131r.<\/strong><br \/>\n<strong>Hem lazer bask\u0131 hemde sublimasyon sistemi ile uyumludur. Y\u00fcksek \u0131s\u0131ya dayan\u0131kl\u0131d\u0131r.<\/strong><br \/>\n<strong>Otomatik zamanlay\u0131c\u0131.<\/strong><br \/>\n<strong>Makine\u00a0 ayarlanan \u0131s\u0131ya ula\u015ft\u0131\u011f\u0131nda\u00a0 zamanlay\u0131c\u0131 otomatik olarak s\u00fcreyi ba\u015flat\u0131r.<\/strong><br \/>\n<strong>Bas\u0131n\u00e7 ayarlamas\u0131 yapmak \u00e7ok kolayd\u0131r.<\/strong><br \/>\n<strong>Makinenin \u00f6n \u0131s\u0131nma s\u00fcresi 2-4 dakika aras\u0131ndad\u0131r.( 20 \u00b0C lik oda \u0131s\u0131s\u0131nda)\u00a0<\/strong><br \/>\n<strong>Is\u0131 hata pay\u0131 1 \u00b0C civar\u0131ndad\u0131r.<\/strong><br \/>\n[fusion_checklist icon=&#8221;ok&#8221; iconcolor=&#8221;#aaaaaa&#8221; circle=&#8221;no&#8221;]<\/p>\n<ul>\n<li><strong>Voltaj: 220V<\/strong><\/li>\n<li><strong>G\u00fc\u00e7: 450W<\/strong><\/li>\n<li><strong>G.W: 88kg<\/strong><\/li>\n<li><strong>Garanti : 2 Y\u0131l<\/strong><\/li>\n<\/ul>\n<p>[\/fusion_checklist]<\/p>\n","protected":false},"featured_media":19915,"template":"","meta":[],"product_brand":[],"product_cat":[119],"product_tag":[191,128],"class_list":{"0":"post-16417","1":"product","2":"type-product","3":"status-publish","4":"has-post-thumbnail","6":"product_cat-transfer-pres","7":"product_tag-kupa-baski-presi","8":"product_tag-xon","10":"first","11":"instock","12":"taxable","13":"shipping-taxable","14":"purchasable","15":"product-type-simple"},"_links":{"self":[{"href":"https:\/\/xon.com.tr\/tur\/wp-json\/wp\/v2\/product\/16417","targetHints":{"allow":["GET"]}}],"collection":[{"href":"https:\/\/xon.com.tr\/tur\/wp-json\/wp\/v2\/product"}],"about":[{"href":"https:\/\/xon.com.tr\/tur\/wp-json\/wp\/v2\/types\/product"}],"wp:featuredmedia":[{"embeddable":true,"href":"https:\/\/xon.com.tr\/tur\/wp-json\/wp\/v2\/media\/19915"}],"wp:attachment":[{"href":"https:\/\/xon.com.tr\/tur\/wp-json\/wp\/v2\/media?parent=16417"}],"wp:term":[{"taxonomy":"product_brand","embeddable":true,"href":"https:\/\/xon.com.tr\/tur\/wp-json\/wp\/v2\/product_brand?post=16417"},{"taxonomy":"product_cat","embeddable":true,"href":"https:\/\/xon.com.tr\/tur\/wp-json\/wp\/v2\/product_cat?post=16417"},{"taxonomy":"product_tag","embeddable":true,"href":"https:\/\/xon.com.tr\/tur\/wp-json\/wp\/v2\/product_tag?post=16417"}],"curies":[{"name":"wp","href":"https:\/\/api.w.org\/{rel}","templated":true}]}}