{"id":17180,"date":"2015-10-05T12:48:26","date_gmt":"2015-10-05T12:48:26","guid":{"rendered":"https:\/\/xon.com.tr\/tur\/?post_type=product&#038;p=17180"},"modified":"2023-03-01T19:51:23","modified_gmt":"2023-03-01T16:51:23","slug":"xon-fonksiyonel-zimba-makinesi","status":"publish","type":"product","link":"https:\/\/xon.com.tr\/tur\/magaza\/zimbalar\/xon-fonksiyonel-zimba-makinesi\/","title":{"rendered":"XON FONKS\u0130YONEL ZIMBA MAK\u0130NES\u0130"},"content":{"rendered":"","protected":false},"excerpt":{"rendered":"<p>&nbsp;<\/p>\n<ul>\n<li><strong>Kapasitesi \u00a0 \u00a0 \u00a0 \u00a0 \u00a0 \u00a0 : 160 yaprak Ka\u011f\u0131t Dikebilir (80gr)<\/strong><\/li>\n<li><strong>Fonksiyon \u00a0 \u00a0 \u00a0 \u00a0 \u00a0 \u00a0 : ilave aparat\u0131 al\u0131narak omega diki\u015f yap\u0131labilir<\/strong><\/li>\n<li><strong>Diki\u015f \u015fekli\u00a0\u00a0\u00a0\u00a0\u00a0\u00a0\u00a0\u00a0\u00a0\u00a0\u00a0\u00a0\u00a0 : forma ve d\u00fcz diki\u015f yapar<\/strong><\/li>\n<li><strong>A\u011f\u0131rl\u0131k \u00a0 \u00a0 \u00a0 \u00a0 \u00a0 \u00a0 \u00a0 \u00a0 \u00a0 :16\u00a0 kg<\/strong><\/li>\n<li><strong>Garanti:\u00a0 2 Y\u0131l<\/strong><\/li>\n<\/ul>\n<p>&nbsp;<\/p>\n","protected":false},"featured_media":19880,"template":"","meta":[],"product_brand":[],"product_cat":[86],"product_tag":[134,128],"class_list":{"0":"post-17180","1":"product","2":"type-product","3":"status-publish","4":"has-post-thumbnail","6":"product_cat-zimbalar","7":"product_tag-fonksiyonel-zimba-makinesi","8":"product_tag-xon","10":"first","11":"instock","12":"taxable","13":"shipping-taxable","14":"purchasable","15":"product-type-simple"},"_links":{"self":[{"href":"https:\/\/xon.com.tr\/tur\/wp-json\/wp\/v2\/product\/17180","targetHints":{"allow":["GET"]}}],"collection":[{"href":"https:\/\/xon.com.tr\/tur\/wp-json\/wp\/v2\/product"}],"about":[{"href":"https:\/\/xon.com.tr\/tur\/wp-json\/wp\/v2\/types\/product"}],"wp:featuredmedia":[{"embeddable":true,"href":"https:\/\/xon.com.tr\/tur\/wp-json\/wp\/v2\/media\/19880"}],"wp:attachment":[{"href":"https:\/\/xon.com.tr\/tur\/wp-json\/wp\/v2\/media?parent=17180"}],"wp:term":[{"taxonomy":"product_brand","embeddable":true,"href":"https:\/\/xon.com.tr\/tur\/wp-json\/wp\/v2\/product_brand?post=17180"},{"taxonomy":"product_cat","embeddable":true,"href":"https:\/\/xon.com.tr\/tur\/wp-json\/wp\/v2\/product_cat?post=17180"},{"taxonomy":"product_tag","embeddable":true,"href":"https:\/\/xon.com.tr\/tur\/wp-json\/wp\/v2\/product_tag?post=17180"}],"curies":[{"name":"wp","href":"https:\/\/api.w.org\/{rel}","templated":true}]}}