{"id":19972,"date":"2020-11-11T11:53:07","date_gmt":"2020-11-11T08:53:07","guid":{"rendered":"https:\/\/xon.com.tr\/tur\/?post_type=product&#038;p=19972"},"modified":"2023-03-01T19:48:54","modified_gmt":"2023-03-01T16:48:54","slug":"xon-c25-kollu-giyotin","status":"publish","type":"product","link":"https:\/\/xon.com.tr\/tur\/magaza\/giyotinler\/kollu-giyotinler\/xon-c25-kollu-giyotin\/","title":{"rendered":"XON C25 KOLLU G\u0130YOT\u0130N"},"content":{"rendered":"","protected":false},"excerpt":{"rendered":"<p>&nbsp;<\/p>\n<ul>\n<li><strong>KES\u0130M KAPAS\u0130TES\u0130 : 15 YAPRAK<\/strong><\/li>\n<li><strong>BI\u00c7AK KALINLI\u011eI : 6 MM.<\/strong><\/li>\n<li><strong>BI\u00c7AK G\u00dcC\u00dc : 32-36(HRC)<\/strong><\/li>\n<li><strong>MAX.KES\u0130M BOYUTU : 33 CM.<\/strong><\/li>\n<li><strong>A\u011eIRLIK : 3,5 KG.<\/strong><\/li>\n<li><strong>GARANT\u0130 : 2 YIL<\/strong><\/li>\n<\/ul>\n<p>&nbsp;<\/p>\n","protected":false},"featured_media":19973,"template":"","meta":[],"product_brand":[],"product_cat":[172],"product_tag":[173,128],"class_list":{"0":"post-19972","1":"product","2":"type-product","3":"status-publish","4":"has-post-thumbnail","6":"product_cat-kollu-giyotinler","7":"product_tag-kollu-giyotinler","8":"product_tag-xon","10":"first","11":"instock","12":"taxable","13":"shipping-taxable","14":"purchasable","15":"product-type-simple"},"_links":{"self":[{"href":"https:\/\/xon.com.tr\/tur\/wp-json\/wp\/v2\/product\/19972","targetHints":{"allow":["GET"]}}],"collection":[{"href":"https:\/\/xon.com.tr\/tur\/wp-json\/wp\/v2\/product"}],"about":[{"href":"https:\/\/xon.com.tr\/tur\/wp-json\/wp\/v2\/types\/product"}],"wp:featuredmedia":[{"embeddable":true,"href":"https:\/\/xon.com.tr\/tur\/wp-json\/wp\/v2\/media\/19973"}],"wp:attachment":[{"href":"https:\/\/xon.com.tr\/tur\/wp-json\/wp\/v2\/media?parent=19972"}],"wp:term":[{"taxonomy":"product_brand","embeddable":true,"href":"https:\/\/xon.com.tr\/tur\/wp-json\/wp\/v2\/product_brand?post=19972"},{"taxonomy":"product_cat","embeddable":true,"href":"https:\/\/xon.com.tr\/tur\/wp-json\/wp\/v2\/product_cat?post=19972"},{"taxonomy":"product_tag","embeddable":true,"href":"https:\/\/xon.com.tr\/tur\/wp-json\/wp\/v2\/product_tag?post=19972"}],"curies":[{"name":"wp","href":"https:\/\/api.w.org\/{rel}","templated":true}]}}