{"id":19994,"date":"2020-11-11T12:42:48","date_gmt":"2020-11-11T09:42:48","guid":{"rendered":"https:\/\/xon.com.tr\/tur\/?post_type=product&#038;p=19994"},"modified":"2023-03-01T19:46:50","modified_gmt":"2023-03-01T16:46:50","slug":"rc-960-surgulu-giyotin","status":"publish","type":"product","link":"https:\/\/xon.com.tr\/tur\/magaza\/giyotinler\/surgulu-giyotinler\/rc-960-surgulu-giyotin\/","title":{"rendered":"RC 960 S\u00dcRG\u00dcL\u00dc G\u0130YOT\u0130N"},"content":{"rendered":"","protected":false},"excerpt":{"rendered":"<p>&nbsp;<\/p>\n<ul>\n<li><strong>KES\u0130M UZUNLU\u011eU : 960 MM.<\/strong><\/li>\n<li><strong>KESME KAPAS\u0130TES\u0130 : 6\/7 SAYFA<\/strong><\/li>\n<li><strong>KA\u011eIT BASKI S\u0130STEM\u0130 : OTOMAT\u0130K<\/strong><\/li>\n<li><strong>\u00d6L\u00c7\u00dc : MM.INCHES<\/strong><\/li>\n<li><strong>EKRAN UNI FORMAT : A-A5-A4-A3-A2-A1<br \/>\n0-B5-B4-B3-B2-B1<\/strong><\/li>\n<li><strong>A\u011eIRLIK : 6,4 KG.<\/strong><\/li>\n<li><strong>GARANT\u0130 : 2 YIL<\/strong><\/li>\n<\/ul>\n<p>&nbsp;<\/p>\n","protected":false},"featured_media":19995,"template":"","meta":[],"product_brand":[],"product_cat":[174],"product_tag":[175],"class_list":{"0":"post-19994","1":"product","2":"type-product","3":"status-publish","4":"has-post-thumbnail","6":"product_cat-surgulu-giyotinler","7":"product_tag-surgulu-giyotinler","9":"first","10":"instock","11":"taxable","12":"shipping-taxable","13":"purchasable","14":"product-type-simple"},"_links":{"self":[{"href":"https:\/\/xon.com.tr\/tur\/wp-json\/wp\/v2\/product\/19994","targetHints":{"allow":["GET"]}}],"collection":[{"href":"https:\/\/xon.com.tr\/tur\/wp-json\/wp\/v2\/product"}],"about":[{"href":"https:\/\/xon.com.tr\/tur\/wp-json\/wp\/v2\/types\/product"}],"wp:featuredmedia":[{"embeddable":true,"href":"https:\/\/xon.com.tr\/tur\/wp-json\/wp\/v2\/media\/19995"}],"wp:attachment":[{"href":"https:\/\/xon.com.tr\/tur\/wp-json\/wp\/v2\/media?parent=19994"}],"wp:term":[{"taxonomy":"product_brand","embeddable":true,"href":"https:\/\/xon.com.tr\/tur\/wp-json\/wp\/v2\/product_brand?post=19994"},{"taxonomy":"product_cat","embeddable":true,"href":"https:\/\/xon.com.tr\/tur\/wp-json\/wp\/v2\/product_cat?post=19994"},{"taxonomy":"product_tag","embeddable":true,"href":"https:\/\/xon.com.tr\/tur\/wp-json\/wp\/v2\/product_tag?post=19994"}],"curies":[{"name":"wp","href":"https:\/\/api.w.org\/{rel}","templated":true}]}}