{"id":20190,"date":"2020-12-05T15:47:03","date_gmt":"2020-12-05T12:47:03","guid":{"rendered":"https:\/\/xon.com.tr\/tur\/?post_type=product&#038;p=20190"},"modified":"2020-12-30T19:26:27","modified_gmt":"2020-12-30T16:26:27","slug":"xon-selefon-makinesi","status":"publish","type":"product","link":"https:\/\/xon.com.tr\/tur\/magaza\/laminasyon\/laminasyon-makineleri\/xon-selefon-makinesi\/","title":{"rendered":"XON SELEFON MAK\u0130NES\u0130"},"content":{"rendered":"","protected":false},"excerpt":{"rendered":"<p>[fusion_checklist icon=&#8221;ok&#8221; iconcolor=&#8221;#aaaaaa&#8221; circle=&#8221;no&#8221;]<\/p>\n<ul>\n<li><strong>360 mm enine kadar rulo selefon kaplama<\/strong><\/li>\n<li><strong>S\u0131cak So\u011fuk selefon kaplama \u00f6zelli\u011fi<\/strong><\/li>\n<li><strong>Tek y\u00fcz- \u00e7ift y\u00fcz selefon kaplama tercihli<\/strong><\/li>\n<li><strong>Krom Kapl\u0131 merdane \u00f6zelli\u011fi<\/strong><\/li>\n<li><strong>H\u0131z Kontrol sistemi<\/strong><\/li>\n<li><strong>Elektronik \u0131s\u0131 kontrol \u00f6zelli\u011fi<\/strong><\/li>\n<li><strong>Selefon gerginlik kontrol \u00f6zelli\u011fi<\/strong><\/li>\n<li><strong>Selefon Kaplanan \u00fcr\u00fcn\u00fc sarma merdaneli<\/strong><\/li>\n<li><strong>Ayak Pedal Sistemi<\/strong><\/li>\n<li><strong>2 y\u0131l Garanti<\/strong><\/li>\n<\/ul>\n<p>[\/fusion_checklist]<\/p>\n","protected":false},"featured_media":20191,"template":"","meta":[],"product_brand":[],"product_cat":[241],"product_tag":[242,246],"class_list":{"0":"post-20190","1":"product","2":"type-product","3":"status-publish","4":"has-post-thumbnail","6":"product_cat-laminasyon-makineleri","7":"product_tag-laminasyon-makineleri","8":"product_tag-selefon-makineleri","10":"first","11":"instock","12":"taxable","13":"shipping-taxable","14":"purchasable","15":"product-type-simple"},"_links":{"self":[{"href":"https:\/\/xon.com.tr\/tur\/wp-json\/wp\/v2\/product\/20190","targetHints":{"allow":["GET"]}}],"collection":[{"href":"https:\/\/xon.com.tr\/tur\/wp-json\/wp\/v2\/product"}],"about":[{"href":"https:\/\/xon.com.tr\/tur\/wp-json\/wp\/v2\/types\/product"}],"wp:featuredmedia":[{"embeddable":true,"href":"https:\/\/xon.com.tr\/tur\/wp-json\/wp\/v2\/media\/20191"}],"wp:attachment":[{"href":"https:\/\/xon.com.tr\/tur\/wp-json\/wp\/v2\/media?parent=20190"}],"wp:term":[{"taxonomy":"product_brand","embeddable":true,"href":"https:\/\/xon.com.tr\/tur\/wp-json\/wp\/v2\/product_brand?post=20190"},{"taxonomy":"product_cat","embeddable":true,"href":"https:\/\/xon.com.tr\/tur\/wp-json\/wp\/v2\/product_cat?post=20190"},{"taxonomy":"product_tag","embeddable":true,"href":"https:\/\/xon.com.tr\/tur\/wp-json\/wp\/v2\/product_tag?post=20190"}],"curies":[{"name":"wp","href":"https:\/\/api.w.org\/{rel}","templated":true}]}}