{"id":20264,"date":"2020-12-05T20:25:12","date_gmt":"2020-12-05T17:25:12","guid":{"rendered":"https:\/\/xon.com.tr\/tur\/?post_type=product&#038;p=20264"},"modified":"2020-12-05T20:26:03","modified_gmt":"2020-12-05T17:26:03","slug":"xon-180mic-a4-teslin","status":"publish","type":"product","link":"https:\/\/xon.com.tr\/tur\/magaza\/laminasyon\/kart-baski-malzemeleri\/xon-180mic-a4-teslin\/","title":{"rendered":"XON 180M\u0130C.A4 TESL\u0130N"},"content":{"rendered":"","protected":false},"excerpt":{"rendered":"<p><strong>180 M\u0130C.A4 BASKIYA UYGUN SENTET\u0130K KA\u011eIT (TESL\u0130N)<\/strong><\/p>\n","protected":false},"featured_media":20262,"template":"","meta":[],"product_brand":[],"product_cat":[249],"product_tag":[248,250,128],"class_list":{"0":"post-20264","1":"product","2":"type-product","3":"status-publish","4":"has-post-thumbnail","6":"product_cat-kart-baski-malzemeleri","7":"product_tag-laminasyon-malzemeleri","8":"product_tag-teslin","9":"product_tag-xon","11":"first","12":"instock","13":"taxable","14":"shipping-taxable","15":"purchasable","16":"product-type-simple"},"_links":{"self":[{"href":"https:\/\/xon.com.tr\/tur\/wp-json\/wp\/v2\/product\/20264","targetHints":{"allow":["GET"]}}],"collection":[{"href":"https:\/\/xon.com.tr\/tur\/wp-json\/wp\/v2\/product"}],"about":[{"href":"https:\/\/xon.com.tr\/tur\/wp-json\/wp\/v2\/types\/product"}],"wp:featuredmedia":[{"embeddable":true,"href":"https:\/\/xon.com.tr\/tur\/wp-json\/wp\/v2\/media\/20262"}],"wp:attachment":[{"href":"https:\/\/xon.com.tr\/tur\/wp-json\/wp\/v2\/media?parent=20264"}],"wp:term":[{"taxonomy":"product_brand","embeddable":true,"href":"https:\/\/xon.com.tr\/tur\/wp-json\/wp\/v2\/product_brand?post=20264"},{"taxonomy":"product_cat","embeddable":true,"href":"https:\/\/xon.com.tr\/tur\/wp-json\/wp\/v2\/product_cat?post=20264"},{"taxonomy":"product_tag","embeddable":true,"href":"https:\/\/xon.com.tr\/tur\/wp-json\/wp\/v2\/product_tag?post=20264"}],"curies":[{"name":"wp","href":"https:\/\/api.w.org\/{rel}","templated":true}]}}