{"id":20311,"date":"2020-12-05T22:49:11","date_gmt":"2020-12-05T19:49:11","guid":{"rendered":"https:\/\/xon.com.tr\/tur\/?post_type=product&#038;p=20311"},"modified":"2023-03-01T19:57:32","modified_gmt":"2023-03-01T16:57:32","slug":"xon-zumrut-plastik-spiral-cilt-makinesi","status":"publish","type":"product","link":"https:\/\/xon.com.tr\/tur\/magaza\/ciltleme\/plastik-spiral-makineleri\/xon-zumrut-plastik-spiral-cilt-makinesi\/","title":{"rendered":"XON Z\u00dcMR\u00dcT PLAST\u0130K SP\u0130RAL C\u0130LT MAK\u0130NES\u0130"},"content":{"rendered":"","protected":false},"excerpt":{"rendered":"<p>&nbsp;<\/p>\n<ul>\n<li><strong>Max. Delme Kapasitesi (70-80g ka\u011f\u0131t) 25 yaprak<\/strong><\/li>\n<li><strong>Max. Takma Kapasitesi (70-80g ka\u011f\u0131t) 500 yaprak (51 mm.)<\/strong><\/li>\n<li><strong>Uygun ka\u011f\u0131t boyutu A4-B5 ebad\u0131<\/strong><\/li>\n<li><strong>Ka\u011f\u0131t marj\u0131 (MM) 2.5\/4.5\/6.5<\/strong><\/li>\n<li><strong>Delik miktar\u0131 (pc) 21<\/strong><\/li>\n<li><strong>Delik mesafesi (MM) 14.3<\/strong><\/li>\n<li><strong>Delik b\u00fcy\u00fckl\u00fc\u011f\u00fc (MM) 3&#215;8<\/strong><\/li>\n<li><strong>Makine boyutu (MM) 400x320x200<\/strong><\/li>\n<li><strong>Makine A\u011f\u0131rl\u0131\u011f\u0131 (Kg.) 7 kg<\/strong><\/li>\n<li><strong>Garanti 2 y\u0131l<\/strong><\/li>\n<\/ul>\n<p>&nbsp;<\/p>\n","protected":false},"featured_media":20312,"template":"","meta":[],"product_brand":[],"product_cat":[255],"product_tag":[256,128],"class_list":{"0":"post-20311","1":"product","2":"type-product","3":"status-publish","4":"has-post-thumbnail","6":"product_cat-plastik-spiral-makineleri","7":"product_tag-plastik-spiral-makinesi","8":"product_tag-xon","10":"first","11":"instock","12":"taxable","13":"shipping-taxable","14":"purchasable","15":"product-type-simple"},"_links":{"self":[{"href":"https:\/\/xon.com.tr\/tur\/wp-json\/wp\/v2\/product\/20311","targetHints":{"allow":["GET"]}}],"collection":[{"href":"https:\/\/xon.com.tr\/tur\/wp-json\/wp\/v2\/product"}],"about":[{"href":"https:\/\/xon.com.tr\/tur\/wp-json\/wp\/v2\/types\/product"}],"wp:featuredmedia":[{"embeddable":true,"href":"https:\/\/xon.com.tr\/tur\/wp-json\/wp\/v2\/media\/20312"}],"wp:attachment":[{"href":"https:\/\/xon.com.tr\/tur\/wp-json\/wp\/v2\/media?parent=20311"}],"wp:term":[{"taxonomy":"product_brand","embeddable":true,"href":"https:\/\/xon.com.tr\/tur\/wp-json\/wp\/v2\/product_brand?post=20311"},{"taxonomy":"product_cat","embeddable":true,"href":"https:\/\/xon.com.tr\/tur\/wp-json\/wp\/v2\/product_cat?post=20311"},{"taxonomy":"product_tag","embeddable":true,"href":"https:\/\/xon.com.tr\/tur\/wp-json\/wp\/v2\/product_tag?post=20311"}],"curies":[{"name":"wp","href":"https:\/\/api.w.org\/{rel}","templated":true}]}}